 9))) + -13 + -22?
-43
Evaluate 9 + (7 + -16 - -19) + -26 - -20.
13
-1162 + 1182 + (-4 - -2) + 11 + 0
29
What is the value of (2 - (3 - -37)) + -18 + 16 + 15?
-25
What is the value of -16 - ((-6 - -19) + 57 + -30)?
-56
What is -141 - -82 - (-22 + -26)?
-11
What is 70 + ((3 - 0) + -8 - -3) + -28 + 22?
62
What is the value of (-2 - -37) + (-52 - (-35 - 31))?
49
-58 - -22 - (437 - 542)
69
Calculate (59 - 1) + 7 + (59 - 24) + -54.
46
What is the value of (44 - (-49 + 97)) + (-1 - (1 - 70))?
64
Evaluate -86 + 102 - -10 - (0 - -21).
5
(-108 - -5) + (-269 - -220) + (24 - 1)
-129
What is the value of -31 - (3 - (7 + -4 + -15))?
-46
0 + 0 + 16 + 28 + -16 + -24
4
What is -143 + -26 + 73 + 39 + -13?
-70
What is the value of 26 + (-8 - 18 - 8) - (31 + 1 + -1)?
-39
Calculate -1 - (-4 + 7 + -5 + -20 - -13).
8
What is the value of -44 + (74 - (106 - 57))?
-19
-13 + 12 + 14 - 16 - (-62 - -59)
0
What is 25 + -7 + -18 + (30 - 1) + -2 + -10?
17
What is 15 + -25 - 28 - 3?
-41
What is the value of -10 - -35 - (4 + -13) - 3 - 4?
27
Calculate (-15 - -30 - 78) + 1 + -6 + 2.
-66
Calculate -55 + (-236 - -199) + (3 - -41).
-48
Calculate 66 - (51 + 33 - 47).
29
What is 0 + -4 - (-1 + 0 + -13 - (-305 + 249))?
-46
Evaluate 11 + 2 - (1 - (-2 + (17 - 14))).
13
Evaluate 49 + 29 + -79 + 87.
86
-23 - (-13 - (-120 - 9)) - 15
-154
Evaluate 14 + -12 - (-4 + -8 - -16) - -3.
1
-41 + 104 - (-3 - -29)
37
96 + (-23 - (17 + 5))
51
Evaluate (11 - (-70 - -39)) + -107.
-65
Calculate 7 + -21 + 22 + 0 + 5 - -1.
14
What is the value of (1 - 14) + (-77 + 48 - -54) + -9?
3
What is the value of -74 + (58 - 69) + 147?
62
Evaluate -192 + 41 + 95 - -88.
32
What is the value of -4 - (7 + (-15 - (-5 + 0) - (-8 - 0)))?
-9
What is the value of 20 - (15 - (-60 - -47))?
-8
Evaluate 329 + -259 + -84 + (-2 - -2 - -98).
84
What is the value of 20 + (0 - (9 - (-22 - -27)) - -3)?
19
Calculate -1 + -10 - (-40 - -1) - -2.
30
What is the value of -12 + 2 + (-7 - 24 - (-59 - -62))?
-44
Calculate 18 + -19 + 9 + -68 - (5 - 17).
-48
Calculate 38 - -6 - (36 + -43 - -22).
29
What is 49 + -5 + (-25 - -14) + -7 + 12 + 6?
44
Calculate 71 + (-19 - (11 - 27)) + 19 + -36.
51
Evaluate -4 + (16 - (29 - -7)) + 4 + -18.
-38
-60 + 31 + 22 + 14 - 26
-19
What is 9 - (11 + -40) - (720 + -675)?
-7
What is -85 - (156 - 252) - (1 - 12 - 0)?
22
What is the value of (-44 - (36 + -82)) + 23?
25
What is -28 + 1 - (-4701 + 4702)?
-28
Evaluate -851 + 929 - (1 + 1 + 0 + -21).
97
Evaluate (-12 - (7 + 4 - 35)) + (12 - 20).
4
Evaluate -10 - (14 - (89 + 17 - 18)).
64
What is the value of (-8 - (-9 + 11)) + (2 - -9 - -59)?
60
What is (2 - (1 - 0)) + (-9 - (-40 - -24)) - 3?
5
41 - (-30 + 67 + -60)
64
What is the value of (-23 - -2 - -39) + (-1 - (19 + -7))?
5
What is -18 - 17 - 28 - (7 - 9)?
-61
What is -25 + (4 - (-42 + 15)) + -51?
-45
What is 53 + 11 + 28 - (1 - (-6 - (1 + -4)))?
88
Evaluate -28 + 11 + (-21 - -9 - 1).
-30
What is the value of 13 + (0 + -12 - 16) + 17 + (4 - -80)?
86
What is (85 - 85 - ((1 - 2) + 14)) + 34?
21
(-189 + 193 - (66 - 3 - (6 - 2))) + -9
-64
Calculate (69 - (24 + 7 - 18)) + 25.
81
Evaluate -41 + 35 + 98 - 165.
-73
What is the value of (64 - (153 - 76)) + 79?
66
Evaluate (5 - (6 - (2 + (15 - 5) + -15))) + 11.
7
Evaluate -1 + 19 + 1 + -75.
-56
What is the value of 53 + 62 + (11 - 89)?
37
Calculate 18 + (-7 - (3 - 1 - 14)).
23
What is the value of -107 + (-108 - -339) + -14?
110
Calculate -28 + 52 + -26 + 36 - 17.
17
85 - (10 + 22 + 36)
17
Calculate (14 + (-7 - -6) + 20 - -10) + -1 + 10.
52
What is (-7 + (-5 - -3) - -8) + -45?
-46
What is 1 - 7 - 2 - (175 + -265)?
82
Calculate -6 + -11 + (26 - (1 - -12)) - (13 - 2).
-15
Evaluate -75 - (-4 + 10 + -9 + (10 - -3) + -7).
-78
Evaluate (-8 - (-73 + 13) - -20) + 2.
74
What is the value of -63 - -164 - (131 + -97)?
67
What is the value of -17 + -93 + (181 - 130)?
-59
Evaluate -12 + 7 + 9 - (146 - 135).
-7
Calculate 41 + 104 + (-186 - -99).
58
What is the value of -4 - (21 - (10 - 1)) - (-108 + 54)?
38
Calculate 12 + -11 + (15 - -2).
18
Evaluate (18 - (5 + -1)) + (-47 - -37) - 8.
-4
(-2 - -4) + 0 + 62 + -52 + -5
7
Calculate -64 + -31 + 74 + -41 + 18.
-44
(-50 - (-99 - -33)) + 16 + -2
30
What is -93 + (11 - (-12 + 11)) + -25 + 9 + 15?
-82
Calculate -100 - (110 + -115 - 129).
34
20 - (43 + (9 - 21 - 3))
-8
What is the value of -56 + (37 - 29) + 26 + -2 + -1?
-25
(34 - -1) + 82 + (-79 - 8)
30
65 - (58 + -27 + 13)
21
What is the value of 5 - 3 - (-39 - -31) - (2 + 12)?
-4
Calculate ((22 - 8) + 0 - 41) + 0 + -2.
-29
Evaluate -15 + -99 - (22 - 22) - (-5 + 6).
-115
Calculate (38 - (-1 + 1)) + (114 - (20 - -89)) + -12.
31
20 + 5 - (4 + 17 + -13) - -5
22
Calculate 61 + -88 + (-81 - -133).
25
Calculate (-3 - 14 - -7) + 14 + 6 + 8 + 50.
68
What is the value of -5 + 32 + -47 + -57 - -30?
-47
8 - (6 - 1 - (6 - (14 + 10) - -13))
-2
Calculate -1 - 16 - (-886 - -757).
112
What is the value of 33 - -3 - (-15 + 20 - (-1 + 1) - 1)?
32
-123 + 143 - (-70 + 54)
36
Evaluate (27 - 16) + 34 + (8 - 6).
47
Evaluate 127 + -7 + -10 + 10 + -2 + 9 + 5.
132
31 + 57 + 73 + -102
59
(0 - 20 - (-503 + 427)) + -12
44
-54 + 67 + (-1 - 8) - 19
-15
48 - (17 + 20 + -18 + 8)
21
Evaluate 49 - (67 - (51 - 74)).
-41
What is (12 + -38 - ((-28 - -61) + -15)) + 13?
-31
3 - (95 + -91 + (6 - -2 - -2))
-11
What is -1 - 20 - (-13 - ((19 + -16 - -5) + -12))?
-12
Calculate 4 - (3 - (-3 + 95 - 1)) - (690 + -690).
92
Calculate 7616 - 7639 - (0 + (-1 - -9 - 2)).
-29
What is -18 - -3 - (29 + -9 + -30 - -39)?
-44
8 - (-23 - -26 - 13) - 25
-7
Evaluate (-32 - 0) + 16 + 19 - (10 - -1) - -118.
110
What is the value of (70 - 36 - 47 - -7) + (-28 - 1)?
-35
What is -50 + -5 + (69 - -21)?
35
What is -109 - (-44 + -18 - 14)?
-33
Evaluate (-19 - (-32 + 27 + -4)) + 33.
23
1 + (8 + (6 - -1) + 2 - (-7 - -1))
24
What is 0 + -1 + (1 - 0) + -26 + -8 + 86?
52
Calculate (-26 + 0 - (-30 - 40)) + 4.
48
What is 119 - 144 - -93 - 105?
-37
What is -67 - (14 - (64 + -32) - -52)?
-101
Calculate -33 + 76 + -26 - 60.
-43
What is -8 + 29 + -78 + 54?
-3
-2031 + 2031 + ((86 - 0) + -1 + -3 - 3)
79
What is the value of (0 + -25 - -1) + -19645 + 19679?
10
What is 68 + (-54 - -33) + (5 - (33 - 8))?
27
What is 0 + 5 + (5 + -8 - 43 - (0 - -11))?
-52
5 - (46 - (70 - 1))
28
Calculate 65 + (26 - (-23 + 43)).
71
What is the value of (-35 - -15) + 45 + -49 - (104 - -3)?
-131
10 - 9 - (20 + 16 + -14)
-21
What is -4148 + 4141 + (-1 + 108 - -1)?
101
What is -1 + 72 + -190 + 52?
-67
What is -9 - (3 - -74 - 55)?
-31
What is (4 - (10 + 0 + -1)) + 13 + -24?
-16
Evaluate (981 + -939 - (9 + (-2 - -3))) + -9.
23
What is -12 - 0 - (2761 + -2745)?
-28
What is the value of -9 - (129 - 87) - -1?
-50
(5 - -1) + 39 + -33 + 26 - 11
27
What is -10 - ((-15 - 1) + 58 + -67 + 12)?
3
1541 + -1590 + (49 - -3)
3
What is the value of (10 - 28) + 11 + 27 + 15?
35
Evaluate (-8 - 2) + (-35 - 27).
-72
(-12 - -20) + -12 - ((-12 - -11) + -3)
0
What is -60 + (2 + -7 - 1 - (592 - 584))?
-74
(2 + -5 - -4) + -74 + (-50 - (-5 + -34))
-84
What is ((1 - 13) + 3 - -4) + 5 + -6 - 10?
-16
Calculate (-840 - -831) + -2 + (1 - -9) + (30 - 13).
16
Evaluate -16 + -18 + 16 + -22 - (-1 + -4).
-35
What is the value of -14 - -3 - (-60 + (4 - 34) + 12)?
67
What is the value of 1 - -6 - (1 + -2) - (47 + -50 - -53)?
-42
What is 12 + -3 + 4 + -10 + -6 - 25?
-28
What is -70 + 1 + 8 + (-374 - -380)?
-55
What is 65 - (2 + -2 + -1) - (-7 - (-28 + 29))?
74
(11 - 0) + (11 - (-9 - -106)) + 34 + -12
-53
What is -50 - -146 - 35 - (-1 - -20)?
42
What is (19 - 39) + -2 + 54 + 16 + -16?
32
Calculate 9 + (-26 - -11) + -7 + 2 + 39.
28
1 - 103 - (2104 + -2165)
-41
What is -5 - (13 - 34) - 40 - 6?
-30
-313 + 281 - (5 + (-1 - (-2 + 0)))
-38
14 + 33 + -1 + -80
-34
Evaluate -45 + (-2 + 5 + -8 - -13) + 4.
-33
Evaluate -1 + (20 - 74) - (-8 + 1) - (10 + -5).
-53
What is the value of -11 + (0 + 33 - (-281 - -298))?
5
What is the value of -110 + 209 - (29 - -59)?
11
What is (-8 - -85) + -118 + -29?
-70
Evaluate -9 + (-130 + 136 - (-17 - (-3 + 0))).
11
Evaluate -21 - (22 - ((26 - 7) + -4)).
-28
What is -105 - (1 + -9) - (11 - (17 - -1) - 7)?
-83
What is 108 - (-121 + (137 - -39))?
53
Evaluate (-44 - -52 - 40) + -39 + (-1 - -2).
-70
Calculate (-3 + 21 - (1 + 8)) + 6 - (-31 - -41).
5
51 - 27 - 18 - -32 - -4
42
What is the value of -107 + -5 - (-3158 - -